7750
What is 4da375 (base 15) in base 9?
7014732
What is 31103132 (base 5) in base 12?
102886
Convert -36862 (base 9) to base 15.
-750b
What is -493462 (base 15) in base 5?
-1344113432
Convert -1101102112101 (base 3) to base 2.
-10110011110110100110
Convert -1202122010 (base 3) to base 9.
-52563
Convert 1135066 (base 8) to base 3.
120201222121
-526762 (base 9) to base 8
-1144024
41300023 (base 5) to base 10
337513
1769a (base 11) to base 6
310441
What is -411231103 (base 5) in base 14?
-31486c
604014 (base 7) to base 3
12012020010
Convert 823484 (base 10) to base 15.
113ede
What is -354343 (base 6) in base 12?
-159b3
-301332301111 (base 4) to base 14
-1a50bad
Convert 62712c (base 13) to base 14.
43c510
Convert -10021110111 (base 3) to base 4.
-33233221
Convert 20012201033 (base 4) to base 2.
1000000110100001001111
Convert -187230 (base 11) to base 13.
-a0ca3
Convert 533858 (base 10) to base 14.
dc7aa
Convert 833cf (base 16) to base 6.
15304355
43b04a (base 12) to base 10
1076602
What is 2118327 (base 9) in base 13?
309574
110144114 (base 5) to base 4
1303330131
Convert -176632 (base 8) to base 7.
-360164
What is -cdebbd (base 15) in base 12?
-3357214
What is -10012220201112 (base 3) in base 6?
-100400105
Convert -250b4 (base 16) to base 5.
-14323412
What is -20012111202 (base 3) in base 2?
-11101110100000010
-19739 (base 13) to base 4
-30012131
Convert -1010000000111001100 (base 2) to base 9.
-550110
Convert -1495263 (base 15) to base 5.
-12303314133
What is -11001110001100101 (base 2) in base 11?
-72356
What is -2002020121101 (base 3) in base 15?
-16d044
Convert 3217354 (base 11) to base 15.
76c5b0
What is -30313d (base 15) in base 14?
-438029
What is 14201102 (base 5) in base 8?
437123
What is -101476 (base 11) in base 10?
-162949
Convert 63953 (base 14) to base 15.
4b42a
What is -152b4a (base 14) in base 9?
-1343731
1101001001101011111 (base 2) to base 16
6935f
Convert -101110101000100111001 (base 2) to base 11.
-954111
33a82 (base 16) to base 4
303222002
10010100111010010 (base 2) to base 16
129d2
What is -2430032 (base 6) in base 13?
-46541
Convert 1101101001101111101100 (base 2) to base 3.
20201211021101
44b8c (base 16) to base 9
468110
Convert -310154345 (base 6) to base 8.
-24262031
Convert 100204311 (base 5) to base 12.
172014
What is -56665 (base 8) in base 5?
-1231424
211cb (base 16) to base 5
13320002
230030032 (base 4) to base 7
1352500
What is 100132330 (base 4) in base 5?
4130031
What is -86337 (base 9) in base 14?
-16b75
What is 508a27 (base 12) in base 8?
4633677
Convert 23a132 (base 13) to base 9.
1535533
Convert -2110002022112 (base 3) to base 12.
-528912
Convert -5820b (base 12) to base 3.
-12222121002
-53a40 (base 11) to base 8
-231164
Convert 10010000101 (base 2) to base 15.
522
-8103a (base 11) to base 3
-20000112222
What is -2430543 (base 8) in base 2?
-10100011000101100011
Convert -10101001010111101001 (base 2) to base 10.
-693737
442131304 (base 5) to base 7
22150516
-8552d5 (base 14) to base 12
-1615437
-10424150 (base 6) to base 4
-1030303002
Convert -132bb7 (base 13) to base 15.
-9246e
What is 4b03 (base 16) in base 9?
28306
Convert -10060523 (base 7) to base 11.
-522840
Convert 101111111110011011 (base 2) to base 4.
233332123
What is -4503030 (base 8) in base 10?
-1213976
432310044 (base 5) to base 8
7006105
Convert 111246657 (base 8) to base 13.
3ca0235
Convert 10223033001 (base 4) to base 13.
33bb5c
Convert 14426261 (base 7) to base 14.
278968
What is 103201130 (base 4) in base 13?
2a521
2264260 (base 7) to base 13
9c850
Convert -3255121 (base 6) to base 11.
-10161a
What is -397a2b (base 12) in base 15?
-13a77b
What is -4557b (base 12) in base 6?
-1551435
Convert 12120121112 (base 3) to base 10.
109796
Convert -5256111 (base 7) to base 5.
-130322404
-362ba3 (base 14) to base 5
-433224010
Convert -220120211221 (base 3) to base 8.
-1661152
Convert -22332122310 (base 4) to base 10.
-2877108
Convert -250213 (base 7) to base 16.
-b29f
Convert -1223412125 (base 6) to base 4.
-312003120311
Convert -1495774 (base 10) to base 8.
-5551336
What is -5151125 (base 7) in base 16?
-96bfc
What is -5a6195 (base 14) in base 3?
-12210222210002
What is 52088 (base 12) in base 8?
321350
What is 785013 (base 11) in base 4?
10301131102
Convert 267 (base 9) to base 11.
193
What is 3c04 (base 15) in base 6?
135221
-10101000000010111 (base 2) to base 14
-234d9
21430353 (base 6) to base 7
5311506
-1c42b (base 16) to base 9
-185706
a92bcb (base 13) to base 16
3caccf
What is 1502520 (base 7) in base 9?
337853
Convert -1432223113 (base 5) to base 6.
-213114222
What is -f3fae (base 16) in base 15?
-14b17c
Convert -4419b2b (base 12) to base 9.
-26368288
-1b2b6a (base 13) to base 4
-2220321131
What is -1449901 (base 10) in base 9?
-2648801
455542 (base 7) to base 11
5602a
294450 (base 12) to base 10
691836
Convert -11100101110011111010 (base 2) to base 10.
-941306
What is 31617605 (base 8) in base 11?
38a6659
10031002010 (base 4) to base 10
1101956
-3132012121 (base 4) to base 5
-213102341
Convert 5461564 (base 7) to base 16.
a3b31
Convert 3a2c2 (base 14) to base 10.
143250
Convert -282511 (base 11) to base 5.
-103130014
What is -222522213 (base 6) in base 13?
-abc570
Convert -2214000301 (base 5) to base 3.
-100002022001021
Convert -200112220201 (base 3) to base 11.
-22a3a0
What is -513016 (base 13) in base 9?
-3502747
-561c3 (base 15) to base 12
-112533
34316653 (base 8) to base 15
9c1306
Convert 532bc1 (base 13) to base 15.
28753d
Convert -32003343 (base 5) to base 16.
-40f72
Convert 13103133 (base 5) to base 2.
11111011000011111
Convert -4284608 (base 9) to base 6.
-121143012
244304 (base 10) to base 4
323221100
What is -100000011111001 (base 2) in base 6?
-205001
101101111110000 (base 2) to base 6
300544
What is -1522433 (base 9) in base 16?
-cd794
-1233121452 (base 6) to base 16
-dc2548
-7724627 (base 9) to base 16
-3f52db
-11000000001100101 (base 2) to base 10
-98405
Convert -101121000221201 (base 3) to base 9.
-11530851
6518ba8 (base 12) to base 6
1523235532
Convert -160825 (base 13) to base 10.
-544042
46990 (base 11) to base 5
4131423
-1132031011 (base 4) to base 6
-12134221
3570b1 (base 13) to base 5
311202312
-153100014 (base 6) to base 8
-14236652
What is -85253 (base 11) in base 14?
-33311
What is 19b296 (base 14) in base 10?
914276
Convert 463a0 (base 12) to base 2.
10110111010101000
Convert 23578 (base 9) to base 11.
10950
What is 11b434 (base 12) in base 10?
289192
-6823658 (base 9) to base 10
-3676886
What is -7322 (base 9) in base 11?
-4039
-3c2230 (base 15) to base 14
-554378
What is 116b147 (base 14) in base 3?
120200010021112
-912a6 (base 11) to base 12
-65296
Convert 1484528 (base 9) to base 10.
823472
What is 10401751 (base 10) in base 3?
201120110112001
What is -11200000210101 (base 3) in base 4?
-21131213323
Convert 33103 (base 9) to base 16.
55c2
Convert -433a33 (base 11) to base 15.
-da696
Convert -1252130 (base 8) to base 6.
-11253000
Convert -270310 (base 13) to base 10.
-943033
Convert -4121101 (base 5) to base 9.
-111843
Convert -8382 (base 16) to base 6.
-415510
Convert 2eae70 (base 15) to base 6.
120311453
What is 2001220120 (base 3) in base 12?
1b706
4528204 (base 10) to base 7
53326522
What is 11122120002222 (base 3) in base 10?
2471390
What is 2b1b3 (base 16) in base 10?
176563
Convert -364087 (base 11) to base 14.
-1100ca
What is -353a3 (base 14) in base 10?
-129699
What is -1d316c (base 16) in base 15?
-27bd16
-11210001221 (base 3) to base 6
-2003341
3164 (base 10) to base 9
4305
What is 2425803 (base 10) in base 5?
1110111203
100150530 (base 6) to base 10
1694070
What is -30112201 (base 4) in base 6?
-1030121
-100001100111000001010010 (base 2) to base 3
-121120121211201
45305533 (base 6) to base 7
14465265
Convert 857200 (base 10) to base 9.
1545764
What is 31224142 (base 5) in base 15?
516d2
What is 4353414 (base 7) in base 9?
1003770
Convert 4071116 (base 10) to base 13.
ac705a
Convert -16721750 (base 8) to base 11.
-222a639
What is 110123333 (base 4) in base 8?
243377
What is 240308 (base 9) in base 16?
234d1
-75584 (base 11) to base 2
-11010110100001111
-4959a8 (base 11) to base 12
-319737
138760 (base 9) to base 5
10211220
What is 24628685 (base 9) in base 2?
101110000001101011101001
-5221435 (ba